{"id":5110,"date":"2026-05-07T10:00:00","date_gmt":"2026-05-07T03:00:00","guid":{"rendered":"https:\/\/binhancooling.com\/?post_type=product&amp;p=117"},"modified":"2026-05-07T10:00:00","modified_gmt":"2026-05-07T03:00:00","slug":"tui-giu-lanh-2-ao","status":"publish","type":"product","link":"https:\/\/binhancooling.com\/?product=tui-giu-lanh-2-ao","title":{"rendered":"T\u00fai Gi\u1eef L\u1ea1nh (D\u00f9ng cho 2 \u00e1o)"},"content":{"rendered":"<h2>T\u00fai Gi\u1eef L\u1ea1nh 2 \u00c1o<\/h2>\n<p>T\u00fai l\u1edbn \u0111\u1ef1ng 2 \u00e1o gel r\u1eddi + nhi\u1ec1u pin d\u1ef1 ph\u00f2ng. Ph\u00f9 h\u1ee3p c\u1eb7p v\u1ee3 ch\u1ed3ng, gia \u0111\u00ecnh.<\/p>\n","protected":false},"excerpt":{"rendered":"<p>T\u00fai gi\u1eef l\u1ea1nh d\u00f9ng cho 2 \u00e1o B\u00ecnh An &#8211; cho c\u1eb7p \u0111\u00f4i\/gia \u0111\u00ecnh.<\/p>\n","protected":false},"featured_media":5073,"comment_status":"open","ping_status":"closed","template":"","meta":[],"product_brand":[],"product_cat":[119],"product_tag":[145,152],"class_list":{"0":"post-5110","1":"product","2":"type-product","3":"status-publish","4":"has-post-thumbnail","6":"product_cat-phu-kien","7":"product_tag-phu-kien","8":"product_tag-tui-giu-lanh-2-ao","10":"first","11":"instock","12":"shipping-taxable","13":"purchasable","14":"product-type-simple"},"_links":{"self":[{"href":"https:\/\/binhancooling.com\/index.php?rest_route=\/wp\/v2\/product\/5110","targetHints":{"allow":["GET"]}}],"collection":[{"href":"https:\/\/binhancooling.com\/index.php?rest_route=\/wp\/v2\/product"}],"about":[{"href":"https:\/\/binhancooling.com\/index.php?rest_route=\/wp\/v2\/types\/product"}],"replies":[{"embeddable":true,"href":"https:\/\/binhancooling.com\/index.php?rest_route=%2Fwp%2Fv2%2Fcomments&post=5110"}],"wp:featuredmedia":[{"embeddable":true,"href":"https:\/\/binhancooling.com\/index.php?rest_route=\/wp\/v2\/media\/5073"}],"wp:attachment":[{"href":"https:\/\/binhancooling.com\/index.php?rest_route=%2Fwp%2Fv2%2Fmedia&parent=5110"}],"wp:term":[{"taxonomy":"product_brand","embeddable":true,"href":"https:\/\/binhancooling.com\/index.php?rest_route=%2Fwp%2Fv2%2Fproduct_brand&post=5110"},{"taxonomy":"product_cat","embeddable":true,"href":"https:\/\/binhancooling.com\/index.php?rest_route=%2Fwp%2Fv2%2Fproduct_cat&post=5110"},{"taxonomy":"product_tag","embeddable":true,"href":"https:\/\/binhancooling.com\/index.php?rest_route=%2Fwp%2Fv2%2Fproduct_tag&post=5110"}],"curies":[{"name":"wp","href":"https:\/\/api.w.org\/{rel}","templated":true}]}}